).
170
Let i(a) = a**3 - 78*a**2 + 1330*a - 1443. Calculate i(23).
52
Let v(x) = -69*x + 1659. Give v(24).
3
Let m(k) = -k**2 + 827*k + 95. What is m(0)?
95
Let h(u) = 2*u**3 - 82*u**2 - 443*u - 18. Give h(-5).
-103
Let j(p) = p**3 - 2806*p**2 - 142802*p - 105. Determine j(-50).
-5
Let w(n) = 2687*n - 53752. Determine w(20).
-12
Let d(p) = p**2 - 104*p - 8364. Calculate d(155).
-459
Let c(z) = z**2 + 116*z + 2907. What is c(-83)?
168
Let l(u) = u**2 - 84*u + 3335. What is l(33)?
1652
Let t(g) = 328*g**2 + 1920*g - 1921. Give t(1).
327
Let j(z) = -2*z**3 + 34*z**2 + 79*z - 1340. Calculate j(17).
3
Let j(m) = -33975*m - 747431. Calculate j(-22).
19
Let x(g) = -3461*g + 114232. Calculate x(33).
19
Let z(s) = -2*s**3 + 130*s**2 + 397*s - 33565. Calculate z(64).
35
Let u(o) = -5*o**2 + 171*o + 201. Calculate u(26).
1267
Let l(j) = j**3 + 29*j**2 - 271*j - 708. Determine l(-36).
-24
Let b(t) = 85*t**3 - 18*t**2 - 21*t + 109. What is b(3)?
2179
Let c(v) = -58*v - 3346. Determine c(-77).
1120
Let v(k) = -2*k**2 + 1096*k + 96259. Determine v(-77).
9
Let m(a) = 76*a**2 - 612*a + 206. What is m(9)?
854
Let s(l) = l**3 + 145*l**2 - 905*l + 64. Give s(-151).
-87
Let c(k) = 12*k**2 - 584*k - 4679. What is c(-7)?
-3
Let m(s) = 5*s**2 + 27*s - 22. What is m(-6)?
-4
Let s(o) = -14735*o + 1001976. Calculate s(68).
-4
Let b(q) = -9*q**2 - 4484*q + 44903. Determine b(10).
-837
Let c(a) = 6*a**2 - 66*a - 599. Determine c(-12).
1057
Let i(k) = -k**3 + 4*k**2 - 22*k + 154. Give i(5).
19
Let g(k) = -88*k - 11464. Calculate g(-128).
-200
Let f(d) = -d**3 + 53*d**2 + 8*d - 1538. Determine f(53).
-1114
Let g(d) = d**3 - 243*d**2 - 1430*d + 351. Give g(-6).
-33
Let u(a) = 253*a**2 - 902*a + 2718. Calculate u(3).
2289
Let k(q) = -139052*q + 278096. Calculate k(2).
-8
Let t(l) = -l**3 - 974*l**2 + 79796*l + 296. Calculate t(76).
-8
Let v(q) = -166*q**2 - 5076*q - 17652. Give v(-4).
-4
Let c(g) = 4*g**2 + 31*g - 319. Give c(8).
185
Let d(s) = 2*s**3 - 34*s**2 - 304*s + 5353. Determine d(16).
-23
Let r(n) = -2714*n**2 - 13635*n - 342. What is r(-5)?
-17
Let o(l) = -3*l**2 + 3000*l + 61160. Determine o(-20).
-40
Let g(p) = -4*p**2 - 6*p + 361. Determine g(11).
-189
Let u(h) = 554*h - 717438. Calculate u(1295).
-8
Let o(q) = 5925*q - 18267. Determine o(3).
-492
Let u(q) = -14*q**2 - 368*q + 1052. Calculate u(3).
-178
Let h(r) = -1235*r + 5977. Calculate h(6).
-1433
Let j(l) = -49375*l + 296302. Give j(6).
52
Let l(t) = -2299*t + 15906. What is l(7)?
-187
Let x(m) = -87299*m + 174608. What is x(2)?
10
Let o(m) = -22*m**2 + 1730*m + 602. What is o(79)?
-30
Let m(r) = -r**2 + 18404*r + 1868996. Calculate m(-101).
-9
Let m(s) = -1405*s + 23446. Calculate m(17).
-439
Let h(g) = 31*g**2 - 3130*g + 25648. Determine h(9).
-11
Let f(r) = -297*r + 18623. What is f(64)?
-385
Let o(n) = -4*n**3 + 23*n**2 - 79*n + 622. What is o(7)?
-176
Let a(g) = -g**2 + 658*g - 107239. Give a(296).
-87
Let h(o) = -4*o**2 - 188*o + 10977. Determine h(-82).
-503
Let u(s) = s**3 - 128*s**2 - 1077*s - 1524. Determine u(136).
-28
Let k(n) = -46*n - 3636. Calculate k(-116).
1700
Let q(t) = -23*t**2 - 235*t + 2081. What is q(9)?
-1897
Let g(x) = 900*x - 169177. Give g(188).
23
Let k(i) = 3*i**3 - 175*i**2 + 1703*i - 7. Calculate k(46).
39
Let p(d) = d**3 + 61*d**2 - 323*d + 467. Determine p(-66).
5
Let q(k) = -2*k**3 + 70*k**2 + 93*k - 744. What is q(36)?
12
Let d(k) = k**3 - 2*k**2 - 61*k + 517. Determine d(8).
413
Let b(n) = -2*n**3 - 59*n**2 + 973*n + 27280. What is b(-31)?
0
Let t(d) = -57*d + 3421. Give t(43).
970
Let u(d) = -8*d**3 + 332*d**2 - 170*d - 25. Determine u(41).
-271
Let f(l) = 8621*l - 189645. Calculate f(22).
17
Let c(p) = 15*p**2 + 128*p - 312. Give c(-11).
95
Let u(x) = -4148*x + 2190153. Give u(528).
9
Let m(o) = -11*o**2 - 7798*o - 669785. Give m(-100).
15
Let r(i) = 20*i**2 + 196988*i + 196982. Determine r(-1).
14
Let n(v) = -149*v**2 + 436*v - 289. Determine n(1).
-2
Let a(k) = k**3 + 121*k**2 - 305*k + 8693. Determine a(-124).
385
Let t(j) = -1144*j + 6518. Calculate t(6).
-346
Let l(h) = h**2 - 382*h - 251880. Calculate l(728).
8
Let k(p) = -p**2 - 32468*p + 1886512. Determine k(58).
4
Let k(z) = 1043*z - 256758. Calculate k(246).
-180
Let v(j) = 4*j**2 - 365*j + 5961. Determine v(23).
-318
Let x(m) = -22141*m - 4583198. Give x(-207).
-11
Let b(g) = g**3 + 118*g**2 + 102*g - 15065. What is b(-116)?
15
Let s(u) = -u**2 - 63017*u - 315084. Give s(-5).
-24
Let d(t) = 72*t**2 - 472*t + 181. Determine d(6).
-59
Let x(k) = -9381*k - 431510. Give x(-46).
16
Let l(i) = -13*i**2 - 277*i + 11557. Calculate l(21).
7
Let i(p) = -135291*p + 947049. Determine i(7).
12
Let v(k) = -1232*k + 7270. Calculate v(5).
1110
Let v(r) = -16*r**2 + 318*r - 282. Calculate v(7).
1160
Let s(t) = -643*t - 522. What is s(-1)?
121
Let c(n) = -52*n - 7781. Give c(-153).
175
Let o(q) = 2573*q**2 - 2624*q + 22. Calculate o(1).
-29
Let a(t) = 69879*t + 139837. Determine a(-2).
79
Let g(i) = -221*i - 625. Calculate g(-10).
1585
Let v(l) = -58*l**2 - 434*l - 1130. Determine v(-12).
-4274
Let o(q) = q**3 + 97*q**2 + 441*q - 1654. Determine o(-92).
94
Let c(y) = 5*y**2 - 1820*y - 15. Determine c(364).
-15
Let k(o) = o**2 - 542*o - 830953. What is k(-680)?
7
Let h(i) = 177*i + 7218. Calculate h(-44).
-570
Let v(a) = -7499*a + 44295. What is v(6)?
-699
Let x(n) = -661*n**3 + 61*n**2 - 37*n - 24. Calculate x(1).
-661
Let z(d) = -d**3 + 419*d**2 + 25005*d + 5254. Determine z(472).
62
Let r(z) = -3259*z - 524667. Calculate r(-161).
32
Let f(z) = 29*z**2 + 255*z - 69. Give f(-7).
-433
Let r(m) = -177663*m + 1421286. What is r(8)?
-18
Let k(h) = -4*h**3 + 72*h**2 - 173*h + 3116. Calculate k(18).
2
Let c(d) = -13481*d + 107776. Give c(8).
-72
Let s(l) = -2371*l + 12572. What is s(5)?
717
Let j(z) = -127*z**2 + 505*z - 17. Determine j(4).
-29
Let s(d) = 1510*d - 4539. Give s(3).
-9
Let w(g) = -g**3 + 78*g**2 + 163*g - 6759. Determine w(79).
-123
Let h(x) = -731*x**3 + 190*x + 190. Give h(-1).
731
Let c(l) = -379*l - 36929. Determine c(-97).
-166
Let s(c) = -c**3 + 877*c**2 - 83051*c - 767. Give s(769).
2
Let m(f) = 126*f**2 - 7359*f + 7359. Give m(1).
126
Let j(n) = 178299*n - 534950. Calculate j(3).
-53
Let h(y) = -101*y**2 - 2201*y + 9. Give h(-22).
-453
Let t(u) = u**3 + 296*u**2 - 884*u + 4282. Give t(-299).
395
Let r(z) = -208*z**2 - 3094*z + 6189. Calculate r(2).
-831
Let g(s) = -15*s**2 + 1445*s + 2887. Determine g(-2).
-63
Let s(u) = 8*u**2 + 443*u + 5060. Give s(-39).
-49
Let g(d) = d**3 - 16*d**2 - 390*d + 2112. Give g(27).
-399
Let s(k) = -10930*k + 153086. Calculate s(14).
66
Let k(y) = -y**3 - 73*y**2 - 608*y + 324. Calculate k(-10).
104
Let q(g) = 469*g + 40301. What is q(-86)?
-33
Let s(y) = 2*y**3 + 111*y**2 + 1307*y + 46. Give s(-38).
920
Let j(w) = -w**3 + 86*w**2 - 678*w + 27. Determine j(0).
27
Let w(m) = 561*m + 37135. Calculate w(-66).
109
Let c(m) = 140*m + 13694. Determine c(-98).
-26
Let h(i) = 2*i**3 - 20*i**2 + 397*i + 2021. Calculate h(-4).
-15
Let c(u) = u**2 - 108880*u - 11007070. Give c(-101).
11
Let i(x) = -x**2 + 55*x + 3973. What is i(-48)?
-971
Let k(d) = 423*d + 18181. What is k(-43)?
-8
Let f(a) = -5*a**3 - 7007*a**2 - 2872*a - 98086. Calculate f(-1401).
-16
Let r(z) = 66*z**3 - 1932*z**2 - 1461*z + 638. What is r(30)?
8
Let g(x) = -25877*x + 155327. Determine g(6).
65
Let x(c) = 4*c**3 + 41*c**2 - 8*c - 264. Determine x(-9).
213
Let y(d) = -35*d**2 + 20358*d + 6992. Give y(582).
8
Let o(r) = 4*r**2 + 607*r + 2422. Give o(-4).
58
Let l(o) = -o**3 + 4*o**2 - 7939*o + 23763. Calculate l(3).
-45
Let w(c) = -2*c**3 - 121*c**2 - 84*c - 1428. Determine w(-60).
12
Let b(l) = 1137*l - 110666. Give b(97).
-377
Let u(h) = -h**2 - 317*h + 17343. Calculate u(47).
235
Let i(j) = -j**3 - 43*j**2 - 275*j - 80. What is i(-35)?
-255
Let x(j) = -6*j**2 - 11584*j - 183785. Determine x(-16).
23
Let d(b) = 19480*b + 564924. What is d(-29)?
4
Let c(n) = -n**3 + 15*n**2 - 153*n + 1549. Give c(13).
-102
Let g(s) = 29239*s + 321629. What is g(-11)?
0
Let g(f) = 92*f**2 + 64043*f + 135332. Calculate g(-694).
2
Let h(c) = 15467*c - 402133. Determine h(26).
9
Let u(g) = -2*g**3 + 56*g**2 - 384*g + 191. Calculate u(13).
269
Let q(a) = -9880*a - 59272. What is q(-6)?
8
Let a(t) = 116744*t + 15293459. What is a(-131)?
-5